e g + 4 = 2*n - 1, n - 5*g = -20. Calculate the greatest common divisor of w and n.
5
Suppose -c = -4*c. Suppose c = -2*g - 2*g + 16. Suppose 507 = 5*a - 0*a - g*m, -m = 4*a - 393. What is the greatest common divisor of a and 11?
11
Suppose -1197 = 3*z + 3*r + 162, -5*z - 2262 = 2*r. Let s be -2 + z/(-12) + 6/(-9). Let f be 14*-1*(-1)/2. What is the highest common divisor of s and f?
7
Let d(z) = -100*z**3 + 3*z**2 + 7*z + 3. Let c be d(-1). Calculate the greatest common factor of c and 1584.
99
Suppose 2*g - 7*g = -90. Let f = g - 18. Suppose 30 = -f*n + 3*n + 3*d, -2*n - 5*d + 11 = 0. What is the greatest common factor of 104 and n?
13
Suppose -17 = -2*j + 31. Suppose t + 3*t + 3*o - 5 = 0, -2*t - o + 1 = 0. Let b = t - -4. What is the greatest common factor of j and b?
3
Suppose 4389 - 570 = -3*g + 3*r, -4*r = -8. Let y = 1889 + g. Let u = y + -354. Calculate the greatest common divisor of 24 and u.
24
Suppose 3*k = -b + 87, k + 4*b - 8*b - 42 = 0. Let r = -45 + 75. What is the greatest common factor of k and r?
30
Suppose 3*p = 3 + 6. Let y be (0/(-1) + p)*2. Let v be (-11 - 0)*(-7 + y). What is the greatest common divisor of v and 121?
11
Suppose 4*f + 19 = m + 1, 3*f - 21 = -5*m. Let i be 20/(-2 + (2 - 1)). Let v be 1/(-5) + (-184)/i. Calculate the highest common divisor of v and m.
3
Suppose 11*l - 4 - 51 = 0. Suppose 444 = l*y - 3*m, 2*m = -2*y + 259 - 75. Calculate the highest common divisor of y and 10.
10
Suppose -k - 72 = k. Let w = -9 - k. Suppose w = -r + 4*r. Calculate the greatest common factor of 99 and r.
9
Suppose -3*s - 2*s - 792 = -4*i, -4*i + 2*s + 792 = 0. Let r = 1972 + -1939. What is the greatest common divisor of r and i?
33
Let c(a) = 32*a**2 + 9*a + 14. Let g be c(-2). Let v = 46 - 15. Calculate the greatest common divisor of g and v.
31
Let t be (-2)/8 + (-7533)/(-36). What is the greatest common factor of t and 22?
11
Suppose 947 - 23 = 22*u. Calculate the greatest common divisor of u and 189.
21
Suppose -294 + 60 = -9*m. Let v be (-1)/((-51)/26 + 2). Let p be (-3)/(18/v)*18. Calculate the greatest common factor of p and m.
26
Let t(u) = -u**2 + 62*u + 155. Let a be t(62). What is the highest common factor of a and 403?
31
Let i(h) = -3*h + 18*h - 7 - 8*h**2 - 5 + h**3. Let z be i(6). What is the greatest common factor of 15 and z?
3
Let s = 410 + 394. What is the greatest common divisor of 24 and s?
12
Let v(f) = f**3 - 8*f**2 + 13*f - 3. Let g be v(6). Suppose -3*w + 9 = 3*i - 3, g*w - 5*i = 28. What is the greatest common divisor of w and 4?
2
Let b = -696 + 1943. What is the highest common factor of b and 29?
29
Suppose -h - 110 = -5*g, 4*g - 82 = 2*h + 6. Suppose 88 = 25*d + 38. What is the highest common divisor of g and d?
2
Let c = 2417 - 1865. What is the highest common factor of 24 and c?
24
Let w be (-168)/147 + 1*(-449)/(-7). Suppose -4*j + 69 + 3 = 0. What is the highest common divisor of j and w?
9
Let g(s) = s - 8. Let x be g(13). Suppose -2*q = 4*o - 412, 264 = 5*o - x*q - 236. Calculate the highest common factor of o and 17.
17
Suppose -2*h + 2*q + 5 = -1, h + 4*q = -7. Let r be (36*4/8)/h. What is the highest common divisor of r and 12?
6
Let a = 9053 - 9033. Suppose -3*v + 117 = 2*i - 0*v, -237 = -4*i - 3*v. Calculate the highest common factor of a and i.
20
Let m be ((-1)/2)/((-1)/14). Let d be 1365/10*(-60)/(-90). What is the greatest common factor of d and m?
7
Suppose -60 = -4*f - 4*z, 9*z = 5*f + 8*z - 81. What is the highest common divisor of 240 and f?
16
Let w(g) = g**3 - 25*g**2 - 46*g + 525. Let p be w(26). Calculate the highest common divisor of p and 15.
5
Let p be (1 - 0) + 0/11. Let k be 4/(-22) + ((-48)/(-22) - p). What is the highest common divisor of k and 7?
1
Let m be (-42)/(3 + -2 - 3). Suppose m*j + 184 = 25*j. Suppose -3*u + u + j = 3*n, -n = -4*u - 34. Calculate the greatest common divisor of n and 2.
2
Let c = -4 + 85. Calculate the greatest common divisor of 18 and c.
9
Suppose -w = -3*o + 16, 36 = 4*o - 3*w - 2*w. Calculate the greatest common factor of 6 and o.
2
Suppose q + 11*q - 60 = 0. Let k(y) be the second derivative of y**4/12 + y**3/6 + 5*y**2 - 2*y. Let u be k(0). Calculate the highest common divisor of u and q.
5
Suppose k = 6 + 8. Let h = k - -7. What is the greatest common divisor of h and 105?
21
Let m be 1 + (-7)/(28/(-8)). Let j(p) be the second derivative of p**5/4 + p**4/3 - p**2/2 - p. Let o be j(m). Calculate the highest common factor of 17 and o.
17
Let g = 71 + -26. Calculate the greatest common factor of 525 and g.
15
Let a(t) = -t**3 + 8*t**2 - 10*t + 23. Let n be a(7). Let l be (-10 + 10/n)*(-1)/1. What is the greatest common factor of 2 and l?
1
Let i = 4 + -4. Suppose 9*s - 4*s = -b + 80, -b - 3*s + 78 = i. What is the greatest common factor of 30 and b?
15
Let t be (80/(-140))/((-2)/14). Suppose -175 + 395 = t*i. What is the highest common factor of i and 22?
11
Suppose -5*m + 0*m = -55. Suppose -702 = -s + 7*s. Let k be (-4)/(-26) + (-1269)/s. Calculate the greatest common divisor of k and m.
11
Suppose -t + 2*q = -61, 3*q - 201 = 16*t - 19*t. What is the greatest common factor of t and 195?
65
Let c be (-31 - 2)/((-13)/(1534/6)). What is the greatest common divisor of 22 and c?
11
Let b = -343 - -1584. Calculate the greatest common factor of 17 and b.
17
Let b be 1176/35*40/8. Calculate the greatest common factor of b and 294.
42
Let v(h) = -h - 3. Let y be v(-6). Let x(z) = z**y + 5*z + 0*z**3 - 4*z. Let t be x(1). What is the greatest common factor of 20 and t?
2
Suppose 20*w = -7*g + 21*w + 37546, 2*g - 5*w = 10718. What is the greatest common divisor of g and 36?
36
Let y = 127 - 123. Suppose 5*t + 78 = 3*x - 331, 497 = y*x + 3*t. What is the highest common factor of x and 16?
16
Let n be (2/3)/(4/246). Suppose 5*l - 112 = 2*h, l + 4*h + 1 - n = 0. Let a be 0 - -23 - (-2 + 1). What is the highest common divisor of a and l?
24
Let o be -3*(-1)/(-2 - -3). Let d be o + 22 + 12/4. Calculate the greatest common factor of 14 and d.
14
Let q(k) = -k**2 + 8*k - 3. Let r be q(7). Let s = r - 19. Let a be -2 - s/2*4. Calculate the greatest common divisor of 70 and a.
14
Let z(o) = 33*o**2 + o. Let i be z(1). Let c = i - -65. Let u = -54 + c. What is the greatest common divisor of u and 5?
5
Let s be (-10294)/(-13) - ((-504)/234 + 2). Calculate the greatest common divisor of s and 72.
72
Suppose 0 = 4*j + 2*w - 121 - 19, 5*j + 2*w = 177. What is the highest common factor of j and 962?
37
Suppose 0 = -4*w + i - 209, 291 = -5*w - 5*i + 11. Let r = 143 + w. Let p = 34 + -24. Calculate the highest common factor of r and p.
10
Let d = -51 + 51. Suppose c + 2*l = 257, d = -2*l - 1 - 3. What is the highest common factor of 29 and c?
29
Let b = 93 - 60. Suppose -6*f + 5*f = -b. Let s be 110/15*(-6)/(-4). What is the greatest common divisor of s and f?
11
Suppose 4*n - 5*x - 16 = 0, 0 = x - 3 - 1. Let v(q) = 2*q**2 - 15*q + 19. Let u be v(n). What is the highest common factor of u and 23?
23
Let n = -84 + 91. Let p be (5 - n)/2*-19. Calculate the greatest common divisor of 95 and p.
19
Suppose -5*z + v + 104 = 0, z + 5*v - v = 4. Let b be 15*((-32)/(-6))/4. What is the greatest common factor of z and b?
20
Let r(o) = 4*o**3 + 6*o**2 - 9*o + 6. Let a(v) = -v**3 + 1. Let c(m) = -5*a(m) - r(m). Let l be c(5). What is the highest common factor of l and 36?
9
Let c(h) = h**3 + 5*h**2 - 5*h + 10. Let a be c(-6). Suppose 0 = 4*i + a*u - 48, -3*i + 3*u = -4 - 32. What is the greatest common factor of 9 and i?
3
Let b(a) = -39*a + 86. Let t be b(-4). Calculate the highest common divisor of 55 and t.
11
Let q = -30 - -62. Suppose -18*k + 102 = -42. Calculate the highest common divisor of q and k.
8
Suppose 5 = 5*h, 0*a - a + 4*h = -50. Let n(w) = 7*w**2 - w. Let j be n(1). Calculate the greatest common divisor of j and a.
6
Let a be (-7)/((-77)/(-68)) - 2/(-11). Let n be ((-27)/a)/1*104/6. What is the greatest common divisor of 6 and n?
6
Suppose -15*z = 17*z - 80192. Calculate the greatest common factor of 14 and z.
14
Suppose -4*k + 2*y = -560, -49 = 5*k + y - 735. What is the highest common divisor of k and 184?
46
Let u(i) = 2*i**3 - 19*i**2 + 16*i - 212. Let x be u(10). What is the highest common divisor of 648 and x?
24
Let n(t) = 4*t**2 + 2*t. Let a be n